{"id":38,"date":"2020-02-11T15:50:44","date_gmt":"2020-02-11T14:50:44","guid":{"rendered":"http:\/\/equiregard.fr\/?page_id=38"},"modified":"2024-06-24T16:44:39","modified_gmt":"2024-06-24T14:44:39","slug":"lieux-et-tarifs","status":"publish","type":"page","link":"https:\/\/equiregard.fr\/index.php\/massage\/lieux-et-tarifs\/","title":{"rendered":"Lieux et Tarifs"},"content":{"rendered":"\t\t<div data-elementor-type=\"wp-page\" data-elementor-id=\"38\" class=\"elementor elementor-38\">\n\t\t\t\t\t\t\t\t\t<section class=\"elementor-section elementor-top-section elementor-element elementor-element-853aa3 elementor-section-boxed elementor-section-height-default elementor-section-height-default\" data-id=\"853aa3\" data-element_type=\"section\">\n\t\t\t\t\t\t<div class=\"elementor-container elementor-column-gap-default\">\n\t\t\t\t\t<div class=\"elementor-column elementor-col-100 elementor-top-column elementor-element elementor-element-6ba9879a\" data-id=\"6ba9879a\" data-element_type=\"column\">\n\t\t\t<div class=\"elementor-widget-wrap elementor-element-populated\">\n\t\t\t\t\t\t\t\t<section class=\"elementor-section elementor-inner-section elementor-element elementor-element-6bfb36d elementor-section-boxed elementor-section-height-default elementor-section-height-default\" data-id=\"6bfb36d\" data-element_type=\"section\">\n\t\t\t\t\t\t<div class=\"elementor-container elementor-column-gap-default\">\n\t\t\t\t\t<div class=\"elementor-column elementor-col-33 elementor-inner-column elementor-element elementor-element-84a41cd\" data-id=\"84a41cd\" data-element_type=\"column\">\n\t\t\t<div class=\"elementor-widget-wrap elementor-element-populated\">\n\t\t\t\t\t\t\t\t<div class=\"elementor-element elementor-element-2660a33 elementor-align-left elementor-hidden-phone elementor-widget elementor-widget-button\" data-id=\"2660a33\" data-element_type=\"widget\" data-widget_type=\"button.default\">\n\t\t\t\t<div class=\"elementor-widget-container\">\n\t\t\t\t\t<div class=\"elementor-button-wrapper\">\n\t\t\t<a class=\"elementor-button elementor-button-link elementor-size-xs\" href=\"http:\/\/equiregard.fr\/index.php\/massage\">\n\t\t\t\t\t\t<span class=\"elementor-button-content-wrapper\">\n\t\t\t\t\t\t<span class=\"elementor-button-icon elementor-align-icon-left\">\n\t\t\t\t<i aria-hidden=\"true\" class=\"far fa-arrow-alt-circle-left\"><\/i>\t\t\t<\/span>\n\t\t\t\t\t\t<span class=\"elementor-button-text\">Retour \u00e0 \"Massages\"<\/span>\n\t\t<\/span>\n\t\t\t\t\t<\/a>\n\t\t<\/div>\n\t\t\t\t<\/div>\n\t\t\t\t<\/div>\n\t\t\t\t\t<\/div>\n\t\t<\/div>\n\t\t\t\t<div class=\"elementor-column elementor-col-33 elementor-inner-column elementor-element elementor-element-ccb11f7\" data-id=\"ccb11f7\" data-element_type=\"column\">\n\t\t\t<div class=\"elementor-widget-wrap elementor-element-populated\">\n\t\t\t\t\t\t\t\t<div class=\"elementor-element elementor-element-a30e528 elementor-shape-rounded elementor-grid-0 e-grid-align-center elementor-widget elementor-widget-social-icons\" data-id=\"a30e528\" data-element_type=\"widget\" data-widget_type=\"social-icons.default\">\n\t\t\t\t<div class=\"elementor-widget-container\">\n\t\t\t\t\t<div class=\"elementor-social-icons-wrapper elementor-grid\">\n\t\t\t\t\t\t\t<span class=\"elementor-grid-item\">\n\t\t\t\t\t<a class=\"elementor-icon elementor-social-icon elementor-social-icon-facebook elementor-repeater-item-6e8eeea\" href=\"https:\/\/www.facebook.com\/Equiregardmassages\/\" target=\"_blank\">\n\t\t\t\t\t\t<span class=\"elementor-screen-only\">Facebook<\/span>\n\t\t\t\t\t\t<i class=\"fab fa-facebook\"><\/i>\t\t\t\t\t<\/a>\n\t\t\t\t<\/span>\n\t\t\t\t\t<\/div>\n\t\t\t\t<\/div>\n\t\t\t\t<\/div>\n\t\t\t\t\t<\/div>\n\t\t<\/div>\n\t\t\t\t<div class=\"elementor-column elementor-col-33 elementor-inner-column elementor-element elementor-element-a293b36\" data-id=\"a293b36\" data-element_type=\"column\">\n\t\t\t<div class=\"elementor-widget-wrap elementor-element-populated\">\n\t\t\t\t\t\t\t\t<div class=\"elementor-element elementor-element-d39aa62 elementor-align-right elementor-hidden-phone elementor-widget elementor-widget-button\" data-id=\"d39aa62\" data-element_type=\"widget\" data-widget_type=\"button.default\">\n\t\t\t\t<div class=\"elementor-widget-container\">\n\t\t\t\t\t<div class=\"elementor-button-wrapper\">\n\t\t\t<a class=\"elementor-button elementor-button-link elementor-size-xs\" href=\"http:\/\/equiregard.fr\/index.php\/massage-humain\/temoignages\/\">\n\t\t\t\t\t\t<span class=\"elementor-button-content-wrapper\">\n\t\t\t\t\t\t<span class=\"elementor-button-icon elementor-align-icon-right\">\n\t\t\t\t<i aria-hidden=\"true\" class=\"far fa-arrow-alt-circle-right\"><\/i>\t\t\t<\/span>\n\t\t\t\t\t\t<span class=\"elementor-button-text\">Vers \"T\u00e9moignages\"<\/span>\n\t\t<\/span>\n\t\t\t\t\t<\/a>\n\t\t<\/div>\n\t\t\t\t<\/div>\n\t\t\t\t<\/div>\n\t\t\t\t\t<\/div>\n\t\t<\/div>\n\t\t\t\t\t\t\t<\/div>\n\t\t<\/section>\n\t\t\t\t<div class=\"elementor-element elementor-element-5a2b011 elementor-widget elementor-widget-heading\" data-id=\"5a2b011\" data-element_type=\"widget\" data-widget_type=\"heading.default\">\n\t\t\t\t<div class=\"elementor-widget-container\">\n\t\t\t<h2 class=\"elementor-heading-title elementor-size-xl\">Lieux et tarifs<\/h2>\t\t<\/div>\n\t\t\t\t<\/div>\n\t\t\t\t<div class=\"elementor-element elementor-element-2742819b elementor-widget elementor-widget-text-editor\" data-id=\"2742819b\" data-element_type=\"widget\" data-widget_type=\"text-editor.default\">\n\t\t\t\t<div class=\"elementor-widget-container\">\n\t\t\t\t\t\t\t<ul><li><span style=\"font-size: 18pt; font-family: corsiva; color: #ff6600;\"><span style=\"font-size: 18pt; font-family: corsiva; color: #ff6600;\"><span style=\"font-size: 18pt; font-family: corsiva; color: #ff6600;\"><span style=\"text-decoration: underline;\"><strong>Pour vous ami(e)s P\u00e8lerin(e)s<\/strong><\/span><strong> : je suis sur le chemin GR65 sur le chemin de Compostelle\u00a0<\/strong>Prenez rendez vous le jour m\u00eame ou la veille (c&rsquo;est mieux \ud83d\ude09 pour la gestion du planning) de votre arriv\u00e9e dans l&rsquo;h\u00e9bergement que vous aurez choisi entre Arzacq et Sauvelade (Larreule, Uzan, G\u00e9us-d&rsquo;Arzacq, Pomps, Castillon d&rsquo;Arthez, Arthez de Bearn, Argagnon, Maslacq, Sauvelade, Villesegure et Navarenx pour repartir en pleine forme le lendemain et disponible pour continuer le chemin auquel vous vous \u00eates engag\u00e9 !<br \/><\/span><\/span><\/span><\/li><\/ul><p>\u00a0<\/p><ul><li><span style=\"text-decoration: underline;\"><strong><span style=\"font-size: 18pt; font-family: corsiva; color: #ff6600; text-decoration: underline;\">Pour les pilotes du Circuit d&rsquo;Arnos :<\/span> <\/strong><\/span><span style=\"font-size: 18pt; font-family: corsiva; color: #ff6600;\">Vous vous inscrivez sur la feuille r\u00e9serv\u00e9e \u00e0 cet effet au bureau d&rsquo;accueil ou au RDC de la Tour<\/span><span style=\"font-size: 18pt; font-family: corsiva; color: #ff6600;\"> pendant votre week-end de course. Les places sont limit\u00e9es. Le choix des modelages est choisi et adapt\u00e9 en fonction de votre \u00e9tat physique <strong>apr\u00e8s course.<\/strong> Pour les habitu\u00e9s, vous pouvez sans probl\u00e8me r\u00e9server votre cr\u00e9neau en me t\u00e9l\u00e9phonant d\u00e8s que vous avez votre grille horaire. <\/span><\/li><\/ul><p><span style=\"font-size: 18pt; font-family: corsiva; color: #ff6600;\">\u00a0\u00a0\u00a0\u00a0\u00a0 Je suis sur place le temps du week-end comp\u00e9tition.<\/span><\/p><p>\u00a0<\/p><ul><li style=\"text-align: center;\"><span style=\"font-size: 18pt; font-family: corsiva; color: #ff6600;\"><span style=\"text-decoration: underline;\"><strong>Pour vous :<\/strong><\/span>\u00a0qui avez simplement envie aussi de vous d\u00e9tendre par un massage, je me d\u00e9place autour de 20kms autour de chez moi (Castillon d&rsquo;Arthez) pour venir \u00e0 votre domicile. <\/span><\/li><\/ul><p><span style=\"font-size: 18pt; font-family: corsiva; color: #ff6600;\">\u00a0\u00a0\u00a0\u00a0\u00a0\u00a0 Dans ce cas, pr\u00e9voir des frais kilom\u00e9triques. <\/span><\/p><p><span style=\"font-size: 18pt; font-family: corsiva; color: #ff6600;\">\u00a0\u00a0\u00a0\u00a0\u00a0\u00a0 Sinon vous pouvez aussi venir chez moi et\/ou bien programmer un massage \u00e0 l&rsquo;ext\u00e9rieur (selon la m\u00e9t\u00e9o)<br \/><\/span><\/p><p style=\"text-align: center;\"><span style=\"font-size: 18pt; font-family: corsiva; color: #ff6600;\"><span style=\"font-size: 24pt;\"><strong>Tarifs<\/strong> <\/span><\/span><\/p><p style=\"text-align: center;\"><span style=\"font-size: 18pt; font-family: corsiva; color: #ff6600;\">Pour les massages d&rsquo;1h00 de massage : 70 euros <\/span><\/p><p style=\"text-align: center;\"><span style=\"font-size: 18pt; font-family: corsiva; color: #ff6600;\">Pour les massages d&rsquo;1h15 : 85 euros<br \/><\/span><\/p><p style=\"text-align: center;\"><span style=\"font-size: 18pt; font-family: corsiva; color: #ff6600;\">Pour les massages d&rsquo;1h30 : 100 euros. <\/span><\/p><p style=\"text-align: center;\"><span style=\"font-size: 18pt; font-family: corsiva; color: #ff6600;\">La r\u00e9flexologie plantaire : 55 euros <\/span><\/p><p style=\"text-align: center;\"><span style=\"font-size: 18pt; font-family: corsiva; color: #ff6600;\">La r\u00e9flexologie palmaire : 45 euros<br \/><\/span><\/p><p style=\"text-align: center;\"><span style=\"font-size: 18pt; font-family: corsiva; color: #ff6600;\">\u00a0<\/span><\/p>\t\t\t\t\t\t<\/div>\n\t\t\t\t<\/div>\n\t\t\t\t\t<\/div>\n\t\t<\/div>\n\t\t\t\t\t\t\t<\/div>\n\t\t<\/section>\n\t\t\t\t\t\t\t<\/div>\n\t\t","protected":false},"excerpt":{"rendered":"<p>Retour \u00e0 \u00ab\u00a0Massages\u00a0\u00bb Facebook Vers \u00ab\u00a0T\u00e9moignages\u00a0\u00bb Lieux et tarifs Pour vous ami(e)s P\u00e8lerin(e)s : je suis sur le chemin GR65 sur le chemin de Compostelle\u00a0Prenez rendez vous le jour m\u00eame ou la veille (c&rsquo;est mieux \ud83d\ude09 pour la gestion du<\/p>\n","protected":false},"author":1,"featured_media":0,"parent":15,"menu_order":4,"comment_status":"closed","ping_status":"closed","template":"","meta":{"footnotes":""},"class_list":["post-38","page","type-page","status-publish","hentry"],"_links":{"self":[{"href":"https:\/\/equiregard.fr\/index.php\/wp-json\/wp\/v2\/pages\/38","targetHints":{"allow":["GET"]}}],"collection":[{"href":"https:\/\/equiregard.fr\/index.php\/wp-json\/wp\/v2\/pages"}],"about":[{"href":"https:\/\/equiregard.fr\/index.php\/wp-json\/wp\/v2\/types\/page"}],"author":[{"embeddable":true,"href":"https:\/\/equiregard.fr\/index.php\/wp-json\/wp\/v2\/users\/1"}],"replies":[{"embeddable":true,"href":"https:\/\/equiregard.fr\/index.php\/wp-json\/wp\/v2\/comments?post=38"}],"version-history":[{"count":47,"href":"https:\/\/equiregard.fr\/index.php\/wp-json\/wp\/v2\/pages\/38\/revisions"}],"predecessor-version":[{"id":1788,"href":"https:\/\/equiregard.fr\/index.php\/wp-json\/wp\/v2\/pages\/38\/revisions\/1788"}],"up":[{"embeddable":true,"href":"https:\/\/equiregard.fr\/index.php\/wp-json\/wp\/v2\/pages\/15"}],"wp:attachment":[{"href":"https:\/\/equiregard.fr\/index.php\/wp-json\/wp\/v2\/media?parent=38"}],"curies":[{"name":"wp","href":"https:\/\/api.w.org\/{rel}","templated":true}]}}